{"id":35,"date":"2019-05-21T16:21:06","date_gmt":"2019-05-21T16:21:06","guid":{"rendered":"https:\/\/www.athenadesignstudio.com\/themes\/angora-wp\/?page_id=35"},"modified":"2021-08-18T12:11:28","modified_gmt":"2021-08-18T10:11:28","slug":"contact","status":"publish","type":"page","link":"https:\/\/glob.fr\/index.php\/contact\/","title":{"rendered":"Contact"},"content":{"rendered":"<p>[vc_row][vc_column]<div class=\"row\"><div class=\"col-md-8 col-md-offset-2 col-xs-12\"><div class=\"section-title  text-center\"><h2 data-bigletter=\"V\">Vous voulez plus d'information<\/h2><hr><p>N&#8217;h\u00e9sitez pas \u00e0 nous contacter si vous avez des questions, quelqu&#8217;un de l&#8217;\u00e9quipe se fera un plaisir de vous aider.<\/p><\/div><\/div><\/div>[\/vc_column][\/vc_row][vc_row][vc_column width=&#8221;1\/2&#8243; el_class=&#8221;res-margin&#8221;][vc_column_text el_class=&#8221;contact-title&#8221;]<\/p>\n<h3>Informations de contact<\/h3>\n<p>[\/vc_column_text]<div class=\"contact-info\" ><div class=\"contact-content clearfix\">\r\n\t\t\t\t\t<div class=\"icon icon icon-basic-map\"><\/div><div class=\"contact-text\"><h4>Addresse<\/h4><p>13 bis rue de Bi\u00e8vres, 92140 Clamart<\/p><\/div>\r\n\t\t\t\t<\/div><div class=\"contact-content clearfix\">\r\n\t\t\t\t\t<div class=\"icon icon icon-basic-smartphone\"><\/div><div class=\"contact-text\"><h4>T\u00e9l\u00e9phone<\/h4><p>06 10 78 55 12 \/ 06 86 41 04 40<\/p><\/div>\r\n\t\t\t\t<\/div><div class=\"contact-content clearfix\">\r\n\t\t\t\t\t<div class=\"icon icon icon-basic-mail\"><\/div><div class=\"contact-text\"><h4>Email<\/h4><p><a href=\"cavalier.rouge.92@gmail.com\">cavalier.rouge.92@gmail.com<\/a><\/p><\/div>\r\n\t\t\t\t<\/div><\/div>[\/vc_column][vc_column width=&#8221;1\/2&#8243;]<div id=\"angora-contact-form\" class=\"contact-form field-action\" data-url=\"https:\/\/glob.fr\/wp-content\/plugins\/angora\/inc\/ajax.php\">\r\n\t\t\t\t\t<div class=\"field\">\r\n\t\t\t\t\t\t<input type=\"text\" name=\"name\" class=\"field-name\" placeholder=\"Name\">\r\n\t\t\t\t\t<\/div>\t\t\t\r\n\t\t\t\t\t<div class=\"field\">\r\n\t\t\t\t\t\t<input type=\"email\" name=\"email\" class=\"field-email\" placeholder=\"Email\">\r\n\t\t\t\t\t<\/div>\r\n\t\t\t\t\t<div class=\"field\">\r\n\t\t\t\t\t\t<input type=\"text\" name=\"phone\" class=\"field-phone\" placeholder=\"Phone\">\r\n\t\t\t\t\t<\/div>\r\n\t\t\t\t\t<div class=\"field\">\r\n\t\t\t\t\t\t<textarea name=\"message\" class=\"field-message\" placeholder=\"Message\"><\/textarea>\r\n\t\t\t\t\t<\/div>\t\t\t\t\t\r\n\t\t\t\t\t<div>\r\n\t\t\t\t\t\t<button type=\"submit\" class=\"btn btn-default\" id=\"contact-submit\"><i class=\"fas fa-paper-plane\"><\/i> Send Message<\/button>\r\n\t\t\t\t\t<\/div>\r\n\t\t\t\t<\/div>\r\n\t\t\t\t<div class=\"contact-form-result\">\n<h3>Merci pour votre message<\/h3>\n<p>D\u00e8s r\u00e9ception, nous vous contacterons rapidement.<\/p>\n<h5>Bonne journ\u00e9e.<\/h5>\n<\/div>[\/vc_column][\/vc_row]<\/p>\n","protected":false},"excerpt":{"rendered":"<p>[vc_row][vc_column][\/vc_column][\/vc_row][vc_row][vc_column width=&#8221;1\/2&#8243; el_class=&#8221;res-margin&#8221;][vc_column_text el_class=&#8221;contact-title&#8221;] Informations de contact [\/vc_column_text][\/vc_column][vc_column width=&#8221;1\/2&#8243;][\/vc_column][\/vc_row]<\/p>\n","protected":false},"author":1,"featured_media":0,"parent":0,"menu_order":0,"comment_status":"closed","ping_status":"closed","template":"","meta":[],"_links":{"self":[{"href":"https:\/\/glob.fr\/index.php\/wp-json\/wp\/v2\/pages\/35"}],"collection":[{"href":"https:\/\/glob.fr\/index.php\/wp-json\/wp\/v2\/pages"}],"about":[{"href":"https:\/\/glob.fr\/index.php\/wp-json\/wp\/v2\/types\/page"}],"author":[{"embeddable":true,"href":"https:\/\/glob.fr\/index.php\/wp-json\/wp\/v2\/users\/1"}],"replies":[{"embeddable":true,"href":"https:\/\/glob.fr\/index.php\/wp-json\/wp\/v2\/comments?post=35"}],"version-history":[{"count":4,"href":"https:\/\/glob.fr\/index.php\/wp-json\/wp\/v2\/pages\/35\/revisions"}],"predecessor-version":[{"id":274,"href":"https:\/\/glob.fr\/index.php\/wp-json\/wp\/v2\/pages\/35\/revisions\/274"}],"wp:attachment":[{"href":"https:\/\/glob.fr\/index.php\/wp-json\/wp\/v2\/media?parent=35"}],"curies":[{"name":"wp","href":"https:\/\/api.w.org\/{rel}","templated":true}]}}