{"id":39,"date":"2019-05-21T16:22:01","date_gmt":"2019-05-21T16:22:01","guid":{"rendered":"https:\/\/www.athenadesignstudio.com\/themes\/angora-wp\/?page_id=39"},"modified":"2019-05-21T16:22:01","modified_gmt":"2019-05-21T16:22:01","slug":"do-you-have-any-ideas","status":"publish","type":"page","link":"https:\/\/glob.fr\/index.php\/do-you-have-any-ideas\/","title":{"rendered":"Acceuil"},"content":{"rendered":"<p>Cr\u00e9\u00e9 en mai 2010, le club d&#8217;\u00e9checs du Cavalier Rouge a pour but de favoriser la pratique du jeu d&#8217;\u00e9checs \u00e0 <strong>Clamart<\/strong> et dans ses environs, en proposant des <strong>cours<\/strong> pour enfants et adultes, en organisant aussi r\u00e9guli\u00e8rement des <strong>tournois<\/strong> et des manifestations autour du jeu d&#8217;\u00e9checs.<\/p>\n<p><a href=\"https:\/\/www.facebook.com\/pages\/Laurent-Chimento-Artiste-Peintre\/480392311990941\" target=\"_blank\"><img loading=\"lazy\" class=\" wp-image-145 alignleft\" style=\"margin: 10px;\" title=\"Le joueur d'\u00e9checs - Laurent Chimento\" alt=\"Le joueur d'\u00e9checs - Laurent Chimento\" src=\"http:\/\/lecavalierrouge.glob.fr\/wp-content\/uploads\/2013\/06\/Le-joueur-d\u00e9checs-Laurent-Chimento-225x300.jpg\" width=\"180\" height=\"240\" \/><\/a><\/p>\n<p>&nbsp;<\/p>\n<h4>OBJECTIFS<\/h4>\n<p>La vocation du club est d&#8217;une part d&#8217;apprendre le jeu d&#8217;\u00e9checs aux <strong>enfants<\/strong> de Clamart et de leur proposer des comp\u00e9titions adapt\u00e9es \u00e0 leur niveau et \u00e0 leur \u00e2ge, et d&#8217;autre part de permettre aux<strong> joueurs adultes<\/strong> de s&#8217;\u00e9panouir dans ce sport.<\/p>\n<h5><\/h5>\n<h4>MOYENS<\/h4>\n<p>Diff\u00e9rents moyens sont mis en \u0153uvres pour permettre la progression, des cours collectifs, l&#8217;utilisation de l&#8217;informatique, le suivi personnalis\u00e9, etc&#8230;<\/p>\n<p>&nbsp;<\/p>\n<p>Amiti\u00e9, Convivialit\u00e9, Respect et Plaisir sont les ma\u00eetres-mots du club.<\/p>\n<p>Nous vous attendons nombreux !<\/p>\n","protected":false},"excerpt":{"rendered":"<p>Cr\u00e9\u00e9 en mai 2010, le club d&#8217;\u00e9checs du Cavalier Rouge a pour but de favoriser la pratique du jeu d&#8217;\u00e9checs \u00e0 Clamart et dans ses environs, en proposant des cours pour enfants et adultes, en organisant aussi r\u00e9guli\u00e8rement des tournois et des manifestations autour du jeu d&#8217;\u00e9checs. &nbsp; OBJECTIFS La vocation du club est d&#8217;une [&hellip;]<\/p>\n","protected":false},"author":1,"featured_media":0,"parent":0,"menu_order":0,"comment_status":"closed","ping_status":"closed","template":"","meta":[],"_links":{"self":[{"href":"https:\/\/glob.fr\/index.php\/wp-json\/wp\/v2\/pages\/39"}],"collection":[{"href":"https:\/\/glob.fr\/index.php\/wp-json\/wp\/v2\/pages"}],"about":[{"href":"https:\/\/glob.fr\/index.php\/wp-json\/wp\/v2\/types\/page"}],"author":[{"embeddable":true,"href":"https:\/\/glob.fr\/index.php\/wp-json\/wp\/v2\/users\/1"}],"replies":[{"embeddable":true,"href":"https:\/\/glob.fr\/index.php\/wp-json\/wp\/v2\/comments?post=39"}],"version-history":[{"count":0,"href":"https:\/\/glob.fr\/index.php\/wp-json\/wp\/v2\/pages\/39\/revisions"}],"wp:attachment":[{"href":"https:\/\/glob.fr\/index.php\/wp-json\/wp\/v2\/media?parent=39"}],"curies":[{"name":"wp","href":"https:\/\/api.w.org\/{rel}","templated":true}]}}